/(9/2055)?
2, 43
List the prime factors of (2 + 63/(-14))*49574/(-35).
3541
Let v(g) = -2*g - 3. Let t be v(7). Let n = t - -32. Let h = -11 + n. List the prime factors of h.
2
Let q = 4227 + -2917. What are the prime factors of q?
2, 5, 131
Let y = 12 + -10. Suppose -3*z = -i + 5 - 18, 2*i + 26 = y*z. Let n = -7 - i. List the prime factors of n.
2, 3
Let n(m) = -22*m - 66*m**2 + 81*m**2 - 3*m**3 + 4*m**3. Let j be n(-16). Let i = j + -56. What are the prime factors of i?
2, 5
Suppose -5*y + 9738 = 2*l - l, y - 1935 = 4*l. What are the prime factors of y?
3, 11, 59
Let h = 260 - 53. List the prime factors of h.
3, 23
Suppose -256 = -0*p - 4*p + 4*r, -2*p - 5*r = -135. Let b = p - -36. List the prime factors of b.
101
Let v(x) = 8*x - 9. Let m be v(7). Let d = m + -26. List the prime factors of d.
3, 7
Suppose -4*u - 4 = -44. Suppose u*p = 7*p + 99. What are the prime factors of p?
3, 11
Let a(t) = t**2 + 4*t - 24. Suppose 5*d + 0 = 30. List the prime factors of a(d).
2, 3
Suppose -24*c - 629114 = -163*c. What are the prime factors of c?
2, 31, 73
Let j(d) be the second derivative of -d**4/12 + 7*d**3/2 + 37*d**2/2 - 33*d. What are the prime factors of j(21)?
37
Suppose -2*v - 42 = -q, 0*q - 2*q = 4*v - 76. Suppose 20 = 6*i - i. Let f = q + i. What are the prime factors of f?
2, 11
Suppose 2*h = 503 - 11. Let r = h - 159. What are the prime factors of r?
3, 29
Let u(s) = 218*s - 311. List the prime factors of u(27).
5, 223
Let g = 87 + 501. Suppose 14*z = -0*z + g. What are the prime factors of z?
2, 3, 7
Suppose 26982 = 69*i - 124818. List the prime factors of i.
2, 5, 11
Suppose 1439 + 1060 = 21*z. List the prime factors of z.
7, 17
Let r be -1 - 78 - ((-24)/(-3))/(-2). Let a = 112 - r. List the prime factors of a.
11, 17
Let p = 30 - 30. Suppose p*o = 4*o - 200. What are the prime factors of o?
2, 5
Let i(h) = -h**3 + 12*h**2 - 11*h + 4. Let q be i(11). Let x = 52 - 25. Suppose x = q*b - 213. What are the prime factors of b?
2, 3, 5
Suppose 6*u = 4*u. Suppose 3*z = 5*g - 33 + 10, -4*g = 5*z - 11. Suppose g*y - 76 = 2*n, u*y + 3*y - 52 = 4*n. What are the prime factors of y?
2, 5
Suppose -3*p - 3 + 12 = 0, 5461 = 4*o - p. What are the prime factors of o?
2, 683
Let y = -981 - -1491. Suppose 5*z + 5*i - y = 0, -3*i + 15 = -6*i. What are the prime factors of z?
107
Let i be ((-1976)/(-10))/(10/25). Suppose -4*p - i = -1338. List the prime factors of p.
211
Let r be ((-1)/(-1) + -1)/2. Let i be 4/6 + (4/6)/(-1). Suppose 2*b = r, i = -q - b - 0*b + 3. List the prime factors of q.
3
Let i(j) = -4*j**3 - 6*j**2 - 9*j - 17. Let h(o) = 7*o**3 + 13*o**2 + 19*o + 35. Let c(t) = -3*h(t) - 5*i(t). List the prime factors of c(-8).
2, 3
Let w(f) = f**3 + 3*f**2 + f - 4. Let y be w(-3). Let n(s) = 4*s**2 + 3*s - 5. What are the prime factors of n(y)?
2, 5, 17
What are the prime factors of (-9)/15 - (1 + 10569/(-15))?
19, 37
Let a = -12 - -24. Suppose 2*t + 3 = 3*t. Suppose 0*m + m - a = 5*c, t*m = -c + 100. List the prime factors of m.
2
Let m(y) = 19*y + 521. What are the prime factors of m(16)?
3, 5, 11
Suppose -2839 = -5*u + 1176. List the prime factors of u.
11, 73
What are the prime factors of 1261 + (-4)/(-9) + 132/(-54)?
1259
Suppose -3*p = 2*a - 2329, -15*a + 4*p = -17*a + 2328. List the prime factors of a.
2, 11, 53
Let g be 1 + -2 + 2 - -7. Let b(s) = -6*s + 0*s + s - g - s. What are the prime factors of b(-6)?
2, 7
Let s be 9/((-2)/((-8)/3)). Let i(w) = w - 9. Let q be i(s). Suppose 0 = -4*k - 0*k + q*z + 36, -5*z - 50 = -5*k. What are the prime factors of k?
2, 3
Suppose 0 = q - 6*d - 5895, -2*q - 4*d = -3*q + 5897. What are the prime factors of q?
3, 7, 281
Suppose 7 = b + 2. Let w(z) = z**3 - 6*z**2 + 4*z + 5. Let r be w(b). Suppose -2*h - 2*h + 140 = r. What are the prime factors of h?
5, 7
Let g = -33 - -36. Let k(j) be the first derivative of j**4/4 - j**2 - 4*j + 1. List the prime factors of k(g).
17
Let p(z) = -z**2 + 4*z. Let n(f) = f + 9. Let l be n(-7). Let r be p(l). Suppose -y + 27 = -r*g, 0 = 5*y + 4*g - 19 - 68. What are the prime factors of y?
19
Suppose -2*j + 0*l = -3*l - 1520, 0 = -4*j - 4*l + 3040. List the prime factors of j.
2, 5, 19
Let d(b) = -2*b**3 - 10*b**2 + 20. What are the prime factors of d(-7)?
2, 3
List the prime factors of (-4)/(-42) + 163260/378.
2, 3
Let p(q) = q**3 - 35*q**2 + 38*q - 9. What are the prime factors of p(34)?
127
Suppose 4*b + 5*b = 5085. List the prime factors of b.
5, 113
Let n = 41 - 36. Let s = 1 - 1. Suppose -v - n = -y - s*v, 0 = 4*y + 5*v - 29. List the prime factors of y.
2, 3
Suppose -2*w = -3*o - 2873, w + 8*o = 12*o + 1444. List the prime factors of w.
2, 179
Let k(g) = g**2 - 6*g + 7. Let m be k(7). Let l(h) = h**2 - 9*h. What are the prime factors of l(m)?
2, 5, 7
List the prime factors of 1/(4 + (-7495)/1875).
3, 5
Suppose 0 = -4*v + 1537 + 1707. What are the prime factors of v?
811
Let o(c) = -2*c + 6 - 2*c - 23 + 2*c. What are the prime factors of o(-10)?
3
Let o = 117 - 48. Suppose c = 2*c - o. List the prime factors of c.
3, 23
What are the prime factors of ((-1)/(-3))/((-92)/(-33396))?
11
Let w(b) = -b**3 + 5*b**2 + 2*b - 1. Suppose 3*o - 31 = -4*h, -2*h = -5*o + 2*h + 9. Suppose 10 = 3*q - o. What are the prime factors of w(q)?
3
Let o be (-20)/14 - (5 + (-93)/21). What are the prime factors of (o*1 + 13)/(8/136)?
11, 17
Let q be (3 + (-51)/6)*-22. Let n = q - 69. Suppose 3*b - 3*r = 2 + n, -3*r = -b + 14. What are the prime factors of b?
2, 5
Let a(u) = u**2 - 13*u + 1. Let y be a(11). List the prime factors of -3 + (-4878)/y + 6/(-21).
229
Let w(q) = q**3 + 2*q**2 - 2*q + 1. Let o be w(1). Suppose -4 = -o*b + 2. Suppose -7*i - 82 = -b*v - 2*i, -4*v + 101 = -5*i. List the prime factors of v.
19
Suppose 878 + 762 = 10*b. What are the prime factors of b?
2, 41
Suppose -5*f = s + 4*s + 190, s - 4*f + 48 = 0. Let p = s - -112. List the prime factors of p.
2, 3
Let p be (0 - (0 - 0))*1. Suppose p = 4*l - 298 - 294. Suppose -3*o - o = -l. List the prime factors of o.
37
Let l be 2 - (-4)/2 - 0. Suppose 0 = 2*x + v - 3, 0 = -x - l*v - 4 + 2. Suppose x + 6 = 4*b. What are the prime factors of b?
2
List the prime factors of -2 - (-1467)/6 - (-2)/(-4).
2, 11
Let w(r) = r**3 + 6*r**2 - r + 714. What are the prime factors of w(0)?
2, 3, 7, 17
Suppose 2*w + 916 = 4*l - l, -l - w = -307. Suppose 2*k = x + 159, 0 = -5*k + k - 2*x + l. List the prime factors of k.
2, 3, 13
Let d = 19 - 21. Let f be (1/d)/((-3)/504). Suppose -f = 3*t - 6*t - 3*u, -t = -2*u - 43. What are the prime factors of t?
3, 11
Let w = 146 - 215. Let a = w - -191. What are the prime factors of a?
2, 61
Let q(w) = -17*w - 23. Let l(z) = 8*z + 11. Let f(p) = -9*l(p) - 4*q(p). Let t(u) = 8*u + 15. Let k(v) = 5*f(v) + 2*t(v). List the prime factors of k(-7).
23
Suppose 3882 = 4*j - j - 3*n, 0 = j - 6*n - 1289. List the prime factors of j.
5, 7, 37
Suppose 0*l = -2*l - k + 7, 5*l = 4*k + 11. Let m be ((-9)/(-2))/((-9)/(-12)). List the prime factors of 16/l - m/(-9).
2, 3
Let a(m) = -37*m. Let t be a(-3). Let f = t - 158. Let u = 2 - f. What are the prime factors of u?
7
Let j(l) = l**2 - 7*l + 10. Let k be j(10). Suppose 3*v - k = v. Suppose 3*c + 0*c = 9, -v = -2*f - 2*c. List the prime factors of f.
7
Let v(t) = 3 + 35*t**2 + 16*t**2 + 3*t + 39*t**2. List the prime factors of v(-1).
2, 3, 5
Let v(x) = 10*x**2 + 11*x - 94. What are the prime factors of v(9)?
5, 163
Let n be (-164)/8*(-24)/(-2). What are the prime factors of (-1)/2 - n/4?
61
Suppose -142 = 7*f - 9*f. Let q = f + -5. Let a = q - 30. What are the prime factors of a?
2, 3
Suppose 0 = 2*o - 4*o + 8. Let p = o - 6. Let g(t) = -t**3 - t**2 - 3*t - 2. List the prime factors of g(p).
2
Let z(g) = -g**3 - 5*g**2 + 9*g - 2. Let h(q) = 2*q**3 + 9*q**2 - 17*q + 4. Let s(d) = -6*h(d) - 11*z(d). Let o = 4 - 7. List the prime factors of s(o).
5
Suppose 2*s - 3 = 5*i, -i = 4*s + 2*i - 19. Suppose -s*w = -365 + 73. List the prime factors of w.
73
Let a(u) = u + 4. Let y be a(-1). Suppose 2*j = 2*v + 106, 4*j + y*v - 116 = 103. List the prime factors of j.
2, 3
Let o be 3/(5/((-130)/(-3))). Suppose -o + 6 = -4*v, -2*v + 30 = p. List the prime factors of p.
2, 5
Suppose 5*p + x = 14, -x + 10 = -p + 4*p. Suppose -188 + 36 = -p*w. What are the prime factors of w?
2, 19
Let 